en 54 is divided by h?
10
Suppose -747 - 288 = -9*w. Calculate the remainder when w is divided by (5/3)/(-5)*-117.
37
Let j = -60 - -71. Let s be (10/4)/(3/90). Suppose -5*t = -20 - s. Calculate the remainder when t is divided by j.
8
Suppose 5*m + 4*g - 102 = 0, 2*m - g - 2*g = 50. Suppose 0 = -0*x - 7*x + 2394. What is the remainder when 2/8 + x/8 is divided by m?
21
Let d(l) = l. Let n(i) = -47*i + 1. Suppose -3*p + p - 14 = 2*w, -5*w = 3*p + 25. Let t(b) = w*d(b) + n(b). Calculate the remainder when t(-1) is divided by 26.
24
Let o(r) = 10*r**2 - r - 4. Let f(z) = z**3 + 9*z**2 + 14*z + 13. What is the remainder when o(-2) is divided by f(-7)?
12
Let v = -5110 - -5212. Let z = 27 - 1. Calculate the remainder when v is divided by z.
24
Let o(u) be the first derivative of 2*u**3 + 2*u**2 + 5*u + 12. Calculate the remainder when 62 is divided by o(-2).
20
Let a(m) = -m**2 + 11*m - 32. Let v(d) = -5*d**2 + 56*d - 161. Let g(n) = -11*a(n) + 2*v(n). Calculate the remainder when g(5) is divided by 6.
4
Let s(o) = 15*o**3 + o**2 - 3*o + 2. Let x(t) = -t**2 - 6*t + 8. Let l be x(-7). Suppose r - 2*r = -27. Calculate the remainder when r is divided by s(l).
12
Suppose 2*m - 96 = -4*c - 3*m, 4*m + 74 = 2*c. Let r = -807 - -818. Calculate the remainder when c is divided by r.
7
Let q(g) = g**2 - 12*g + 28. Suppose -4*f + 3*i + 46 = 0, 4*i = -3*f + i + 24. Suppose -s = 2*s - 93. Calculate the remainder when s is divided by q(f).
7
Suppose 26 - 5 = -2*r - 3*t, 0 = -5*r + 2*t - 62. Let x = r - -10. Calculate the remainder when 2/1*x - -24 is divided by 11.
9
What is the remainder when -102*11/(-12)*2 is divided by 9?
7
Let k = -891 - -1135. Calculate the remainder when k is divided by 21.
13
Let o = 2635 - 2627. Let g be (1/(-2))/(1/(-6)). Suppose -g*k = 4*n - 182, -4*k = 4*n - 6*n + 102. What is the remainder when n is divided by o?
7
Let r(l) = -l**3 - 2*l**2 + l + 2. Let c be -1 - -3 - 3 - 2. Calculate the remainder when 13 is divided by r(c).
5
Suppose -x + 5*w = -89 + 13, -5*x + 359 = -4*w. Calculate the remainder when 102 is divided by x.
31
Let p = 60 + 336. Calculate the remainder when p is divided by 21.
18
Suppose 30 = 4*b + 2*v - 22, -4*v - 50 = -3*b. Suppose 150 = -41*a + 46*a. What is the remainder when a is divided by b?
2
Suppose 3*m - 6 = 6. Suppose -y = -4*x - 19, 6*x + 8 = -m*y + x. Suppose -4 - 11 = -y*w. Calculate the remainder when 8 is divided by w.
3
Let h(q) = -q**3 - q**2 + 60. Let b be h(0). Suppose b = 2*u - 0*u. Suppose 5*w = 5*s + 65, 27 = -w - 3*s + 32. Calculate the remainder when u is divided by w.
8
Let j = -71 - -75. Suppose 38 = j*g + 3*y, 5 - 37 = -5*g + 4*y. What is the remainder when 31 is divided by g?
7
Let n = -55 + 96. Let c = 76 - n. Suppose 5*q - 25 = c. What is the remainder when 22 is divided by q?
10
Let l = -10 + 23. Suppose -2*c + 3*c = l. Let f(u) = -u**3 + 6*u**2 + 8*u. What is the remainder when c is divided by f(7)?
6
Let c be 11/22 - ((-890)/4)/(-5). Let l = -13 - c. Calculate the remainder when l is divided by ((-1)/(-2))/(2/32).
7
Let d = 14 + -11. What is the remainder when ((-78)/2)/(d/(-3)) is divided by 10?
9
Let d = 64 - 51. Suppose -t + d = -38. Calculate the remainder when 151 is divided by t.
49
Suppose -13*z = 3 - 29. Let b(x) = 16*x**2 - 3*x - 1. What is the remainder when b(z) is divided by 15?
12
What is the remainder when 185 is divided by 30/(-225)*3 - 242/(-5)?
41
Let x = 39 - 11. Suppose x + 312 = 4*u. What is the remainder when u is divided by 29?
27
Let y be (-306)/7 - (-2)/(-7). What is the remainder when ((-1727)/y)/((-2)/(2*-4)) is divided by 32?
29
Suppose 103 = 2*o + 3*t, -3*o + 0*t + 157 = 4*t. Suppose o = -r - 117. Calculate the remainder when 11 is divided by 1/2 - r/32.
5
Let u = 35 + -15. Let p = 347 + -290. What is the remainder when p is divided by u?
17
What is the remainder when 335 is divided by (16/(-14))/(-4*(-6)/(-252))?
11
Let t = -5 + 25. Let b = -14 + 13. Calculate the remainder when 46 + 9 + (-1 - -2 - b) is divided by t.
17
Let d = 451 - 224. Calculate the remainder when d is divided by 23.
20
Let s = 32 - 51. Suppose 0 = f - 3 - 30. Let c = s + f. What is the remainder when 25 is divided by c?
11
Let v be (-2)/(-4)*4 + -1 + 1. Calculate the remainder when 117 is divided by 24 + -27 + (1 - -85)/v.
37
Let s(w) = -w**3 + 9*w**2 - 15*w. What is the remainder when 11 is divided by s(3)?
2
Let z = -236 - -445. What is the remainder when z is divided by 105?
104
Calculate the remainder when 327 is divided by 1125/25 - (0 + 8).
31
Let u be (-146)/(-3)*12/4. Suppose 5*y - 31 = 4*y + r, 5*y - 2*r - u = 0. Let z(x) = -x**3 + x**2 + 10. Calculate the remainder when y is divided by z(0).
8
Let l(u) = 3 + 3*u**2 - 6*u**2 + 2*u**2 + 2*u**2. What is the remainder when 36 + (4/(-2))/2 is divided by l(3)?
11
Let q be 4/(-4) + 8 - -2. Let z = q - -3. What is the remainder when 59 is divided by z?
11
Suppose 0 = 215*z - 224*z + 783. Calculate the remainder when 250 is divided by z.
76
Let o(k) = -11*k - 21. Let j(h) = -6*h - 11. Let f(l) = 5*j(l) - 3*o(l). Let i be f(-4). Calculate the remainder when 11 is divided by (6/i)/((-9)/42).
4
Let g = -6 + 20. Suppose -u + 20 - g = 0. Calculate the remainder when 17 is divided by u.
5
Suppose 914 = 5*x - l - 712, -l = 1. What is the remainder when x is divided by 41?
38
Let z(w) = -w**2 + 12*w + 2. Let q be z(13). Let t = -9 - q. What is the remainder when 5 is divided by t?
1
Let n be (7/(-14))/((-1)/8). Suppose -8 = 2*h - n*h. Suppose h*i = -20, -6*r + 2*r = 5*i - 227. What is the remainder when r is divided by 22?
19
Suppose -10 = -u + 4*m, 10 = u + m - 3*m. Suppose u = -5*s + 95. Let z(l) = 7*l**2 - 2*l + 10. Calculate the remainder when z(3) is divided by s.
16
Suppose -5*n = -5*c + 180, -n + 0*n = -4. Let f = c + -37. What is the remainder when 10 is divided by f?
1
Let l(s) = 12*s + 519. Calculate the remainder when 699 is divided by l(-40).
36
Suppose 9*d = 117 + 54. Suppose -10*r + 140 = -6*r. What is the remainder when r is divided by d?
16
Let b = -40 + 33. Suppose 0 = 3*z - 35 - 46. What is the remainder when z is divided by (0 + 30)/((b - -5)/(-1))?
12
Suppose 4*b - f - f = -16, 4*b - 5*f + 28 = 0. Let t = b + 8. Let v = -7 - -23. Calculate the remainder when v is divided by t.
4
Let y(k) = -7 + 14*k - 12 + 20 + 16*k. Suppose 1 + 2 = 3*o. Calculate the remainder when y(o) is divided by 8.
7
Let h(c) = -c**3 + c**2 - 2*c + 707. Let i be h(0). Let t be (-8)/(-14) - i/(-49). What is the remainder when t/(-10)*(-10)/3 is divided by 4?
1
Let v = 1128 - 1111. Let u(k) = 2*k**2 - 4*k - 3. Calculate the remainder when u(-5) is divided by v.
16
Let r = 50 - 47. Suppose -5*v + r*v = 5*z - 108, 0 = 4*v + 4*z - 192. Calculate the remainder when 128 is divided by v.
40
Let f(t) = 154*t**2 + 6*t + 2. Calculate the remainder when f(1) is divided by 33.
30
Suppose -5*j + 55 = 5*q, 2*j - 5 - 12 = 3*q. Suppose y - 5*y + 32 = -g, 2*y + g = j. Calculate the remainder when 26 is divided by y.
5
Let o = 872 + -842. Calculate the remainder when o is divided by 11.
8
Suppose -h - 3*z + 18 + 5 = 0, 5*z = -3*h + 61. Let i = -179 + 239. What is the remainder when i is divided by h?
9
Let p = 313 + -215. Let x = p + -45. Calculate the remainder when x is divided by 18.
17
Let p(s) = s**3 - 22*s**2 + 73*s - 17. Let h(j) = -j**3 - 8*j**2 + 7. What is the remainder when h(-8) is divided by p(18)?
0
Let z = -24 + 40. What is the remainder when 40 is divided by z?
8
Let v = -247 + 486. What is the remainder when v is divided by 32?
15
Let g = 70 - 13. What is the remainder when 219 is divided by g?
48
Let n(p) = -30*p - 11. Let v be n(-2). Suppose -v*x + 46*x = -42. What is the remainder when 82 is divided by x?
12
Let k(g) = -g**3 + 25*g**2 - 41*g - 91. What is the remainder when 164 is divided by k(23)?
20
Suppose y = 51 - 32. Let v(p) = -92*p + 1. Calculate the remainder when v(-1) is divided by y.
17
Let k(h) = 10*h + 61. Calculate the remainder when k(-5) is divided by 2.
1
Suppose 4*y + 4 = 5*y. Suppose 3*l - 3*j - 30 = 0, 4*l + y*j - j = 54. Calculate the remainder when 22 is divided by l.
10
Suppose -116 = -0*h - 2*h. Let x = 418 + -403. What is the remainder when h is divided by x?
13
Let w(x) be the third derivative of -x**6/120 - x**5/5 + 